 of x?
409
Let y(j) = -j + 247. Let c be y(37). What are the prime factors of 14548/15 + 14*2/c?
2, 5, 97
Let i(m) = m + 2. Let o be i(-7). Let k(y) = -19*y - 14. Let c be k(o). Suppose 3*z + 3*w = 216, 5*w + 9 = -z + c. List the prime factors of z.
2, 3
Let h(v) be the third derivative of v**6/120 + v**5/10 + 5*v**4/24 - v**3/3 + 60*v**2. List the prime factors of h(5).
2, 149
Let t(l) = -l**3 + 5*l**2 + 113*l + 33. List the prime factors of t(-13).
2, 11, 73
Suppose -3*b = 5*s + 12 + 1, -6 = 3*s. Let j be b/(3 + 13/(-4)). List the prime factors of -58*9/(-6) - (j + -4).
3, 29
Suppose 2*c = 6*c - 3*f - 24313, -4*c + 4*f + 24308 = 0. Suppose -2*d + 1103 = m + c, -4*d + 3*m = 9953. List the prime factors of d/(-19) - (0 + -1 - -3).
3, 43
Let i = 214 + -147. Suppose -q - 3*q = -144. Let u = i - q. What are the prime factors of u?
31
Let w = 76 + -96. Let o be 8/(2 - w/(-5)). Let y = 27 - o. List the prime factors of y.
31
What are the prime factors of (3442/4)/(8/(-16))*-5?
5, 1721
Let o(g) = 227*g**3 - 13*g**2 - 5*g + 26. List the prime factors of o(3).
19, 317
Let q(t) = 120*t**3 - 18*t**2 + 27*t - 110. What are the prime factors of q(5)?
5, 11, 53
Suppose -1449 = -2*m + 3*k, 772 + 672 = 2*m - 2*k. Suppose -2*d = -3*d + m. List the prime factors of d.
3, 239
Suppose -5*k + 62665 = 5*g, 4*k + 1247*g = 1251*g + 50196. List the prime factors of k.
12541
Let p = 56 + -49. Let n(t) = p + 2 + 3 - 19*t**2 + 20*t**2. List the prime factors of n(-7).
61
Let s = -98 - -63. Let z = -21 - s. Let q(b) = 3*b + 33. List the prime factors of q(z).
3, 5
Suppose 551*v + 920 = 561*v. Let k = 5 + -60. Let m = v + k. List the prime factors of m.
37
Suppose -d - 13*g = -5558, -5*d + 11*g = 14*g - 27604. List the prime factors of d.
5519
Let p(o) = -16 + 34*o + 13 - 6 - 34. Let q(z) = 36*z - 43. Let b(c) = -5*p(c) + 6*q(c). What are the prime factors of b(6)?
233
Let s(y) = -2*y + 23. Let t be 531/36 + (-9)/12. Let v be s(t). List the prime factors of 9/(-15) - 598/v.
7, 17
Let u(p) = -12*p - 7. Let x be u(-1). Suppose -4 = x*a + o, 2*a - o = -3 - 0. List the prime factors of (2/10)/a + (-9911)/(-55).
2, 3, 5
Let q(w) = 1684*w**2 - 28*w - 62. What are the prime factors of q(-3)?
2, 7589
Suppose 4*i = -5*j + 325, 4*i + 2*j = 210 + 100. Suppose 5*w + b = -4*b + i, 2*w - 2*b = 26. What are the prime factors of w?
2, 7
Let p = -55346 + 99154. What are the prime factors of p?
2, 37
List the prime factors of (8 - 7)/((-211224)/42246 - -5).
3, 2347
Let m(i) be the first derivative of i**2/2 + 13*i - 1. Let c(u) = 2*u**2 + 8*u + 24. Let g be c(-4). What are the prime factors of m(g)?
37
Suppose -51*p - 13252 = -101*p + 46*p. What are the prime factors of p?
3313
What are the prime factors of 2292/(21 + (-13575)/650)?
2, 13, 191
Let w(a) = -a**3 + a - 4. Let y be w(4). Let d = y + 72. Suppose -5*u + d*u = 87. List the prime factors of u.
29
Let o = -412 + 443. Suppose 0 = -o*p + 18110 + 8736. What are the prime factors of p?
2, 433
Let t = 312 + -842. List the prime factors of (t + -7)*((-25)/(-15) - 2).
179
Let g = -4020 + 4113. List the prime factors of g.
3, 31
Suppose 31 = -2*p + 7*p + n, -2*p - 4*n - 2 = 0. Suppose -i = -8*i + p. List the prime factors of 218/i*1 + -1*2.
2, 3
Suppose 2*a + 4*w - 8 = 0, -2*w + 3 = 1. Suppose 0*h - 14 = -j + a*h, 5*h = -2*j + 10. Let f = 39 - j. List the prime factors of f.
29
Let l(q) = q**2 - 33*q - 49. Let g be l(-14). Let h = 1090 - g. What are the prime factors of h?
13, 37
Let b(s) = s. Let l(j) = -j**2 - 15*j + 7. Suppose 1 = -4*k + 5. Let d(n) = k*l(n) - 5*b(n). What are the prime factors of d(-16)?
71
Suppose h = 2*h - 2. Suppose -d + h = 0, 2*m + 12880 = -3*m - 5*d. List the prime factors of (-14)/77 - (m/22 - 0).
3, 13
Let i(t) = 15*t**2 + 18*t - 37. Suppose 30*d - 45 = 35*d. List the prime factors of i(d).
2, 127
Let t(m) = 27 + 11*m - 71210*m**2 + 5*m + 71209*m**2. Let o be -8*((1 - 3) + 1). List the prime factors of t(o).
7, 13
Let x(i) = -3*i + 1. Let h(y) = -y. Let j(b) = h(b) + x(b). Let k be j(-1). Suppose -4*v + 612 = k*o, v = -3*o + 2*v + 357. What are the prime factors of o?
2, 3, 5
Let n(u) = 65*u - 9. Let h be 3 + (-2 - (3 - 4)) + 3. What are the prime factors of n(h)?
2, 79
Let b = -171 - -231. Suppose i - 468 = -b. List the prime factors of i.
2, 3, 17
Let w(a) = 12*a**2 - 28*a**3 + 56*a**3 + 4*a - 12 - 27*a**3. Let r be w(-11). Suppose 223 + r = 2*u. What are the prime factors of u?
2, 3
Suppose 26148 - 715 - 3311 = n. List the prime factors of n.
2, 3, 1229
Let a = -2224 - -11139. Suppose 5*h = 5*y - a, -y + 1313 = 2*h - 485. List the prime factors of y.
2, 3, 149
Let r(m) = 281*m**2 - 74*m - 4. Let j be r(5). Suppose 102*q - j = 93*q. What are the prime factors of q?
739
Let z = 28 + 5237. What are the prime factors of z?
3, 5, 13
What are the prime factors of (-6)/(-4)*51/((-3366)/(-682616))?
2, 7757
Suppose -5 = 27*z - 59. Suppose 0 = -x + z, -751 = -5*q - x - 2*x. List the prime factors of q.
149
Suppose -3*i - 32*d = -28*d - 51031, 4*i - 68016 = d. List the prime factors of i.
5, 19, 179
Suppose 2*d + 5 = -1, -a + 23 = -5*d. Let g(t) = 5*t - 36. Let k be g(a). Suppose -k*w + 6*w - 226 = 0. List the prime factors of w.
113
What are the prime factors of (-78036)/18*450/(-35)?
2, 3, 5, 929
Let o(t) = -t - 104. Let q be o(0). Let y be (78/q)/(2/(-1168)). Suppose -4*a + c = 3*c - y, -2*c = -a + 112. What are the prime factors of a?
2, 5, 11
List the prime factors of 4/6 + ((-524832)/18)/(-4).
2, 3, 5
Let y(h) = -h**3 + 15*h**2 - 11*h - 4. Suppose -5*x + 95 = -95. Suppose 3*a - 4 = x. What are the prime factors of y(a)?
2, 19
Let y = 119 - -271. Suppose 0*o + 5*o - y = 0. Suppose -o = -6*u - 12. List the prime factors of u.
11
Suppose 2*w = 10*w - 28*w + 672180. What are the prime factors of w?
3, 17, 659
Let z = -7 + 19. List the prime factors of z/((-3 + -2)/(-5)).
2, 3
Let b be 10/(1 - -1 - (0 + 3)). Let m(f) = -f**3 - 11*f**2 - 9*f + 15. Let j be m(b). List the prime factors of (2 + (-22)/j)*(-30 + 0).
2, 3
Let g be ((-3)/(-3))/(2/(6*1)). Suppose -o = -4*w - 3 + 16, -g*o - 3*w + 21 = 0. Suppose 5*h - 57 = -p, -o*h = -h - p - 20. List the prime factors of h.
11
Let g = -3061 + 10099. List the prime factors of g.
2, 3, 17, 23
Let g(p) = 183*p + 1 - 159*p + 20. List the prime factors of g(15).
3, 127
Let j = 1129 + -73. Let d = j - 732. What are the prime factors of d?
2, 3
Let y = 17895 - 15035. What are the prime factors of y?
2, 5, 11, 13
Let z = 18256 - 8116. List the prime factors of z.
2, 3, 5, 13
Suppose 0 = -203*w + 1994625 + 1726579 + 6451938. What are the prime factors of w?
2, 25057
Let q(s) = 32*s + 1621. List the prime factors of q(84).
31, 139
Let x(t) = -t**3 - 6*t**2 - 4*t + 7. Let a be x(-5). Let y be (-11 - -6) + (-10 - -6)*-2. What are the prime factors of (-50)/((-8)/y - (a + -4))?
3, 5
Let h be (6 - 5)/((-2)/(-6)). Suppose 3*t + 0*t - 15 = -h*v, 2*v + 4*t = 8. Suppose -v*a = 5*a - 528. What are the prime factors of a?
2, 3
Suppose -2*p - 29 = -4*p + h, -h + 76 = 5*p. Suppose -12*n + p = -9*n. Suppose -n*f + 80 = 8*j - 3*j, 4*j + 2*f = 56. List the prime factors of j.
2, 3
Let a be ((-12)/15)/((-6)/(-45)). Let n(c) = -90*c + 90. What are the prime factors of n(a)?
2, 3, 5, 7
Let r(a) = -a**2 - 39*a + 128. Let u be r(-42). Suppose 5*t + 260 = 2*y + 9300, -5*y + 3587 = u*t. List the prime factors of t.
2, 3, 7, 43
Suppose 0 = 4*u - 3*u - o - 7177, 2*u - 5*o - 14366 = 0. List the prime factors of u.
3, 797
Let r(i) = 15 + 8*i**2 - 5 - 5*i**2 - 2*i**2 - 7*i - 3*i**3. What are the prime factors of r(-4)?
2, 3, 41
Let f(o) = 2*o + 4. Let c be f(2). Suppose -c*s - 3783 = -21*s. List the prime factors of s.
3, 97
Let b(h) = 3*h**2 - 3*h - 15. Let v be b(-10). What are the prime factors of (v/(-2))/((-20)/80)?
2, 3, 5, 7
Suppose -2*p + h + 2406 = 3*p, -h = 2*p - 961. Let o = -29 + p. List the prime factors of o.
2, 113
List the prime factors of 224/112 + (-151378)/(-14) + (-4)/(-14).
3, 5, 7, 103
Let r be ((2 - 2426) + -3)*3/(-9). Suppose 2*u - 139 = r. What are the prime factors of u?
2, 3, 79
Let s(w) = -w**2 - 23*w + 45. Let q = -31 + 125. Suppose -10 = 3*f - 5*h + 54, 4*f + q = -2*h. What are the prime factors of s(f)?
3, 5
Let q = -32279 + 49013. Let r be (q/21)/2 - (-12)/21. Let x = r - 153